when 8823 is divided by 399?
45
What is the remainder when 48930 is divided by 134?
20
Calculate the remainder when 154241 is divided by 18.
17
What is the remainder when 126673 is divided by 6667?
0
Calculate the remainder when 724 is divided by 55.
9
What is the remainder when 1606832 is divided by 222?
218
What is the remainder when 1275433 is divided by 318856?
9
Calculate the remainder when 77409 is divided by 100.
9
Calculate the remainder when 92530 is divided by 194.
186
What is the remainder when 35905 is divided by 5980?
25
What is the remainder when 87459 is divided by 22?
9
Calculate the remainder when 29743 is divided by 5883.
328
Calculate the remainder when 3500 is divided by 685.
75
What is the remainder when 2721 is divided by 505?
196
Calculate the remainder when 7190 is divided by 3125.
940
Calculate the remainder when 231727 is divided by 231722.
5
Calculate the remainder when 9471 is divided by 98.
63
Calculate the remainder when 22071 is divided by 11013.
45
Calculate the remainder when 99991 is divided by 4.
3
Calculate the remainder when 11946 is divided by 102.
12
Calculate the remainder when 4990 is divided by 492.
70
Calculate the remainder when 6246 is divided by 201.
15
What is the remainder when 8626 is divided by 114?
76
Calculate the remainder when 2048 is divided by 996.
56
Calculate the remainder when 268372 is divided by 108.
100
What is the remainder when 2056199 is divided by 447?
446
Calculate the remainder when 1377 is divided by 409.
150
Calculate the remainder when 54001 is divided by 148.
129
What is the remainder when 29681 is divided by 1643?
107
Calculate the remainder when 19691 is divided by 857.
837
What is the remainder when 1591 is divided by 313?
26
Calculate the remainder when 23372 is divided by 707.
41
What is the remainder when 19018 is divided by 1746?
1558
What is the remainder when 2720 is divided by 675?
20
What is the remainder when 12183 is divided by 39?
15
Calculate the remainder when 49054 is divided by 1536.
1438
Calculate the remainder when 4585811 is divided by 178.
175
What is the remainder when 447325 is divided by 23?
21
What is the remainder when 14739 is divided by 6?
3
What is the remainder when 42793 is divided by 552?
289
What is the remainder when 15043 is divided by 307?
0
Calculate the remainder when 2130 is divided by 209.
40
Calculate the remainder when 24452 is divided by 5.
2
What is the remainder when 915066 is divided by 83187?
9
What is the remainder when 1385636 is divided by 1988?
0
Calculate the remainder when 37478 is divided by 37.
34
What is the remainder when 4969 is divided by 70?
69
Calculate the remainder when 893 is divided by 110.
13
What is the remainder when 51266 is divided by 59?
54
Calculate the remainder when 9614 is divided by 65.
59
Calculate the remainder when 100176 is divided by 566.
560
What is the remainder when 102307 is divided by 201?
199
Calculate the remainder when 1897979 is divided by 12.
11
What is the remainder when 153133 is divided by 422?
369
Calculate the remainder when 485514 is divided by 161829.
27
What is the remainder when 3887 is divided by 1909?
69
Calculate the remainder when 2165 is divided by 195.
20
Calculate the remainder when 31826 is divided by 30.
26
Calculate the remainder when 23527 is divided by 102.
67
What is the remainder when 479876 is divided by 53317?
23
Calculate the remainder when 199 is divided by 158.
41
What is the remainder when 99553 is divided by 461?
438
What is the remainder when 368526 is divided by 23?
20
Calculate the remainder when 87838 is divided by 36.
34
Calculate the remainder when 15420 is divided by 755.
320
What is the remainder when 10512 is divided by 50?
12
Calculate the remainder when 2709 is divided by 890.
39
Calculate the remainder when 1050 is divided by 1026.
24
What is the remainder when 17173 is divided by 196?
121
Calculate the remainder when 10091 is divided by 2016.
11
Calculate the remainder when 48271 is divided by 16074.
49
Calculate the remainder when 30850 is divided by 51.
46
What is the remainder when 1098304 is divided by 54?
52
Calculate the remainder when 3346 is divided by 963.
457
Calculate the remainder when 2415 is divided by 764.
123
What is the remainder when 200418 is divided by 20?
18
Calculate the remainder when 759 is divided by 346.
67
What is the remainder when 1076476 is divided by 111?
109
Calculate the remainder when 249124 is divided by 1993.
1992
Calculate the remainder when 78964 is divided by 275.
39
What is the remainder when 130592 is divided by 653?
645
Calculate the remainder when 449728 is divided by 171.
169
What is the remainder when 1614 is divided by 398?
22
What is the remainder when 602286 is divided by 13?
9
What is the remainder when 18914 is divided by 83?
73
What is the remainder when 46089 is divided by 39?
30
Calculate the remainder when 65324 is divided by 563.
16
What is the remainder when 122248 is divided by 150?
148
What is the remainder when 6354 is divided by 2084?
102
What is the remainder when 26607 is divided by 318?
213
What is the remainder when 168334 is divided by 21?
19
What is the remainder when 51671 is divided by 297?
290
What is the remainder when 35368 is divided by 543?
73
Calculate the remainder when 11250 is divided by 249.
45
What is the remainder when 44658 is divided by 46?
38
Calculate the remainder when 61091 is divided by 295.
26
What is the remainder when 23487 is divided by 4672?
127
Calculate the remainder when 18526 is divided by 2087.
1830
What is the remainder when 57378 is divided by 1794?
1764
What is the remainder when 116156 is divided by 202?
6
What is the remainder when 678 is divided by 348?
330
Calculate the remainder when 4989 is divided by 1655.
24
Calculate the remainder when 20309 is divided by 316.
85
What is the remainder when 42502 is divided by 644?
642
What is the remainder when 40755 is divided by 2022?
315
Calculate the remainder when 88731 is divided by 69.
66
Calculate the remainder when 124698 is divided by 476.
462
What is the remainder when 18459 is divided by 19?
10
Calculate the remainder when 8709 is divided by 154.
85
What is the remainder when 42139 is divided by 17?
13
What is the remainder when 5342497 is divided by 20?
17
What is the remainder when 61186 is divided by 35?
6
Calculate the remainder when 1021 is divided by 10.
1
Calculate the remainder when 30834 is divided by 13.
11
What is the remainder when 4981 is divided by 261?
22
What is the remainder when 1644 is divided by 284?
224
What is the remainder when 11764 is divided by 1068?
16
Calculate the remainder when 1509 is divided by 199.
116
What is the remainder when 28384 is divided by 28377?
7
What is the remainder when 1645 is divided by 423?
376
What is the remainder when 3528 is divided by 3517?
11
Calculate the remainder when 256 is divided by 51.
1
Calculate the remainder when 18896 is divided by 2362.
0
Calculate the remainder when 4389759 is divided by 2171.
2168
What is the remainder when 35452 is divided by 348?
304
What is the remainder when 183691 is divided by 53?
46
Calculate the remainder when 534007 is divided by 267002.
3
What is the remainder when 2145049 is divided by 497?
494
What is the remainder when 315262 is divided by 32?
30
Calculate the remainder when 267 is divided by 38.
1
What is the remainder when 272860 is divided by 3?
1
What is the remainder when 48134 is divided by 1716?
86
What is the remainder when 80315 is divided by 7?
4
What is the remainder when 32204 is divided by 4020?
44
What is the remainder when 1272 is divided by 317?
4
Calculate the remainder when 62993 is divided by 4496.
49
What is the remainder when 17396 is divided by 755?
31
Calculate the remainder when 68704 is divided by 5.
4
What is the remainder when 1680 is divided by 533?
81
What is the remainder when 11073477 is divided by 132?
129
Calculate the remainder when 13308 is divided by 52.
48
What is the remainder when 434 is divided by 28?
14
What is the remainder when 700 is divided by 89?
77
Calculate the remainder when 5417 is divided by 450.
17
What is the remainder when 228190 is divided by 438?
430
Calculate the remainder when 257 is divided by 125.
7
Calculate the remainder whe